e 14, what is -1b - -10613?
105d6
In base 8, what is 3 + -2361401?
-2361376
In base 14, what is 3a + -29d?
-263
In base 10, what is 1 - -74186?
74187
In base 3, what is 1100101110 - 10?
1100101100
In base 11, what is -6a + 1743?
1684
In base 12, what is -1 - 38200?
-38201
In base 8, what is -40 + 140306?
140246
In base 15, what is ac5 + da?
bb0
In base 12, what is -11 + 1717?
1706
In base 16, what is 49d50 + 0?
49d50
In base 13, what is -30547 - -5?
-30542
In base 15, what is -615 - -76?
-58e
In base 14, what is 12cd6 + 6?
12cdc
In base 3, what is -10 + -1121110001?
-1121110011
In base 15, what is -4a05 + 76?
-497e
In base 10, what is -246 + 218?
-28
In base 16, what is 69 + -3d4?
-36b
In base 9, what is -3 - 1345337?
-1345341
In base 16, what is -1bc8 + -6?
-1bce
In base 13, what is -4427a5 + -3?
-4427a8
In base 8, what is 25 + -165735?
-165710
In base 2, what is 111111110101011 - -1011001?
1000000000000100
In base 10, what is -711 - -708?
-3
In base 4, what is -102221 - -3000?
-33221
In base 15, what is 55eb - -2?
55ed
In base 7, what is -4 - 60225?
-60232
In base 16, what is 1a + b13?
b2d
In base 12, what is a + 1080?
108a
In base 13, what is 1 + -ba61?
-ba60
In base 7, what is 6611 + 214?
10125
In base 16, what is 1a39b4 + 2?
1a39b6
In base 14, what is -1bcccc - 3?
-1bccd1
In base 3, what is 20021220 + 222?
20022212
In base 3, what is 110110212 + 1110?
110112022
In base 7, what is -2151 - -32?
-2116
In base 14, what is 3 - -393c?
3941
In base 6, what is 0 + -54012220?
-54012220
In base 8, what is 55 - 112075?
-112020
In base 13, what is -16 - 26a5?
-26bb
In base 10, what is -45 + 4966?
4921
In base 10, what is 3 - -30968?
30971
In base 12, what is 55 + 6501?
6556
In base 12, what is -47690 + 8?
-47684
In base 6, what is 252 - -3011?
3303
In base 3, what is 110012220 + -12?
110012201
In base 10, what is -850 - 198?
-1048
In base 8, what is 6 + 37707?
37715
In base 6, what is 32233 - 1011?
31222
In base 3, what is 1110001 + -100221?
1002010
In base 6, what is -133544102 - -1?
-133544101
In base 5, what is 13314313 - 3?
13314310
In base 10, what is -1005 - 29?
-1034
In base 12, what is 12870 + -102?
1276a
In base 8, what is 1610 + 145?
1755
In base 10, what is 3536 - 171?
3365
In base 7, what is -364105 - -4?
-364101
In base 8, what is 1 + 42275?
42276
In base 14, what is -1c89 - d3?
-1d7c
In base 15, what is 2 - 1167?
-1165
In base 12, what is -5 + 38686?
38681
In base 13, what is 168c + -1a?
1672
In base 7, what is -1000 + 251?
-416
In base 10, what is 637482 - 2?
637480
In base 14, what is 2a - 360?
-334
In base 10, what is -7622 + 437?
-7185
In base 6, what is 2 - -13430?
13432
In base 5, what is 21210 - 12?
21143
In base 11, what is 4 - 438a4?
-438a0
In base 2, what is -11 + 1110000111010?
1110000110111
In base 8, what is -1 + -12203?
-12204
In base 10, what is 2 - 14994?
-14992
In base 10, what is 670 + 64?
734
In base 13, what is 2 + -b22b?
-b229
In base 14, what is -9961 + 4?
-995b
In base 10, what is -207 + 4081?
3874
In base 2, what is -1011001101 + 1111?
-1010111110
In base 6, what is 10 - -244125?
244135
In base 10, what is 63 + -180?
-117
In base 2, what is 111010001110010010 + -10?
111010001110010000
In base 11, what is -11 - -905?
8a4
In base 12, what is 2 + -85428?
-85426
In base 9, what is -5 + 7378?
7373
In base 3, what is -10111221 + -2?
-10112000
In base 11, what is -35 + 211?
187
In base 13, what is 1 + -31c13?
-31c12
In base 5, what is -10 + 11213?
11203
In base 2, what is -100000110 + -11011010?
-111100000
In base 4, what is -3 + -23010220?
-23010223
In base 4, what is -3 + -13301120?
-13301123
In base 12, what is b2 + -199?
-a7
In base 8, what is 3 + -362240?
-362235
In base 4, what is -1220 - 203223?
-211103
In base 4, what is -100 + -301212?
-301312
In base 13, what is -10390 + -5?
-10395
In base 15, what is 9ab1 + 2?
9ab3
In base 12, what is 8455 + 57?
84b0
In base 15, what is 72 - 1ae0?
-1a6d
In base 2, what is 11001110000001000110010 - -100?
11001110000001000110110
In base 11, what is 582 - -15?
597
In base 16, what is -2bc650 - -1?
-2bc64f
In base 8, what is -706 + -32?
-740
In base 8, what is 30745771 - -5?
30745776
In base 9, what is -60 + -450?
-520
In base 15, what is 26 + 466?
48c
In base 6, what is -40 - 3111?
-3151
In base 13, what is 3 - -2025?
2028
In base 15, what is -4a674 - 5?
-4a679
In base 7, what is 254 - 3122?
-2535
In base 12, what is -3295 + -52?
-3327
In base 15, what is 21 + -e3d?
-e1c
In base 10, what is -114 - 337?
-451
In base 6, what is 51051 + 4?
51055
In base 3, what is -2202 - 102121?
-112100
In base 16, what is -2 + -6e597?
-6e599
In base 6, what is -212 + 50324?
50112
In base 11, what is 374a28 - -1?
374a29
In base 8, what is -2 - 1017736?
-1017740
In base 10, what is 7 + 45841?
45848
In base 14, what is -76421 - 5?
-76426
In base 3, what is 10 + -20001110?
-20001100
In base 16, what is -4 - -14d4?
14d0
In base 16, what is 6f2 + -b4?
63e
In base 3, what is -21001121121 - 11?
-21001121202
In base 16, what is -441f6e + 1?
-441f6d
In base 13, what is -214 - -395?
181
In base 9, what is -4 - -170827?
170823
In base 13, what is -2b - 1412?
-1440
In base 4, what is 20 - -101301?
101321
In base 8, what is -1 + -2014151?
-2014152
In base 13, what is 1b456 - -92?
1b518
In base 8, what is -11 - -2051?
2040
In base 3, what is -1010212111 + -2?
-1010212120
In base 7, what is 126 - 216?
-60
In base 8, what is -2055374 + -2?
-2055376
In base 4, what is -20 + -101123?
-101203
In base 10, what is 1 + 99937?
99938
In base 15, what is -2e + -b85d?
-b88c
In base 7, what is 224 - 44?
150
In base 13, what is 3 - 38a75?
-38a72
In base 15, what is -840c + -5?
-8412
In base 4, what is 3101 + -11111?
-2010
In base 11, what is -1a + -4331?
-4350
In base 7, what is -2 - -5102?
5100
In base 6, what is 305 - -305?
1014
In base 2, what is -111101111011100 - 1011001?
-111110000110101
In base 2, what is -1100111 - -11100001101?
11010100110
In base 2, what is 111000000 + 1110000111?
10101000111
In base 15, what is -3 + -c0811?
-c0814
In base 8, what is -1572014 + 2?
-1572012
In base 6, what is 2 + 4140?
4142
In base 12, what is -12b76 + 4?
-12b72
In base 3, what is 122211022 - 22?
122211000
In base 10, what is -1885318 - 1?
-1885319
In base 5, what is 11 + 333444?
334010
In base 6, what is -10 + 35302?
35252
In base 8, what is -10753 - 54?
-11027
In base 2, what is -10011 - -11101001?
11010110
In base 16, what is -5 - -84?
7f
In base 8, what is -64 - 2744?
-3030
In base 14, what is -a - 64c6?
-64d2
In base 14, what is -4ba - -69?
-451
In base 16, what is -a - -160d?
1603
In base 7, what is -2341 - 4?
-2345
In base 2, what is -10000 - -11100001101110?
11100001011110
In base 16, what is daba - -2?
dabc
In base 9, what is -1450 + -406?
-1856
In base 8, what is 2477101 + -5?
2477074
In base 13, what is 5 - -1a5a?
1a62
In base 15, what is -a0 + -3c?
-dc
In base 15, what is 224e1 - 3?
224dd
In base 10, what is 2554 + 8?
2562
In base 13, what is 5 + -4458?
-4453
In base 15, what is 131e8 - -3?
131eb
In base 5, what is 3 + -2210133?
-2210130
In base 4, what is -11122011 + -3?
-11122020
In base 7, what is -1456 - -525?
-631
In base 9, what is 154 - 1365?
-1211
In base 6, what is 12341123 + 1?
12341124
In base 13, what is 208 + 39?
244
In base 13, what is -294c6 + -5?
-294cb
In base 14, what is 1 - 3441?
-3440
In base 15, what is 4a28 - 5?
4a23
In base 16, what is -12cb - -4?
-12c7
In base 8, what is -5 + -337271?
-337276
In base 7, what is -43506 + -100?
-43606
In base 15, what is a + -43ab?
-43a1
In base 2, what is -10000100110010110 + 110?
-10000100110010000
In base 10, what is 269708 - -2?
269710
In base 13, what is 30782 + 0?
30782
In base 14, what is 1b2 - 782?
-5b0
In base 11, what is -225997 + -5?
-2259a1
In base 8, what is -60614 + -2?
-60616
In base 14, what is -7131 - 13?
-7144
In base 15, what is 88 + 266?
2ee
In base 5, what is -2 + 2423003?
2423001
In base 7, what is 202022 + 4?
202026
In base 5, what is 2342 - -120423?
123320
In base 11, what is 5 - -a44?
a49
In base 5, what is -3442 - -2041?
-1401
In base 13, what is -7 - -15337?
15330
In base 9, what is -23 - 27122?
-27145
In base 11, what is 2 + 1108?
110a
In base 6, what is 153 - 120133?
-115540
In base 3, what is 10212111210 + -11?
10212111122
In base 